d by 4976?
4
Calculate the remainder when 12803 is divided by 4266.
5
What is the remainder when 1154 is divided by 252?
146
Calculate the remainder when 425776 is divided by 20.
16
What is the remainder when 834 is divided by 545?
289
Calculate the remainder when 2510 is divided by 59.
32
Calculate the remainder when 14888 is divided by 286.
16
Calculate the remainder when 53240 is divided by 300.
140
Calculate the remainder when 18550 is divided by 580.
570
What is the remainder when 11479 is divided by 499?
2
Calculate the remainder when 2558 is divided by 799.
161
Calculate the remainder when 3903 is divided by 1158.
429
What is the remainder when 16545 is divided by 5501?
42
Calculate the remainder when 1770855 is divided by 28.
23
What is the remainder when 1908 is divided by 934?
40
Calculate the remainder when 6921 is divided by 760.
81
Calculate the remainder when 155382 is divided by 135.
132
What is the remainder when 10660 is divided by 2?
0
What is the remainder when 25562 is divided by 28?
26
What is the remainder when 436 is divided by 208?
20
Calculate the remainder when 178528 is divided by 310.
278
Calculate the remainder when 113 is divided by 62.
51
Calculate the remainder when 70079 is divided by 1629.
32
What is the remainder when 9185 is divided by 128?
97
What is the remainder when 293 is divided by 275?
18
What is the remainder when 35253 is divided by 608?
597
Calculate the remainder when 110891 is divided by 6520.
51
Calculate the remainder when 1562 is divided by 509.
35
Calculate the remainder when 132054 is divided by 32.
22
Calculate the remainder when 5262 is divided by 320.
142
What is the remainder when 28882 is divided by 194?
170
Calculate the remainder when 8499 is divided by 8432.
67
Calculate the remainder when 116728 is divided by 116720.
8
What is the remainder when 12526 is divided by 167?
1
What is the remainder when 12551 is divided by 470?
331
Calculate the remainder when 2052 is divided by 504.
36
What is the remainder when 64591 is divided by 67?
3
What is the remainder when 39726 is divided by 13238?
12
Calculate the remainder when 616370 is divided by 283.
279
What is the remainder when 19582 is divided by 1400?
1382
What is the remainder when 68332 is divided by 22772?
16
Calculate the remainder when 2641 is divided by 145.
31
Calculate the remainder when 16377 is divided by 655.
2
Calculate the remainder when 25599 is divided by 4246.
123
What is the remainder when 28302 is divided by 21?
15
What is the remainder when 11580 is divided by 724?
720
What is the remainder when 905 is divided by 294?
23
What is the remainder when 30495 is divided by 16?
15
Calculate the remainder when 17094 is divided by 157.
138
What is the remainder when 73246 is divided by 221?
95
What is the remainder when 10652 is divided by 96?
92
What is the remainder when 29627 is divided by 2953?
97
What is the remainder when 59076 is divided by 1?
0
What is the remainder when 3454 is divided by 284?
46
What is the remainder when 4338 is divided by 715?
48
Calculate the remainder when 126034 is divided by 91.
90
What is the remainder when 1111261 is divided by 154?
151
What is the remainder when 11288 is divided by 868?
4
Calculate the remainder when 164912 is divided by 6870.
32
What is the remainder when 490558 is divided by 64?
62
What is the remainder when 16144 is divided by 4021?
60
What is the remainder when 7433 is divided by 3638?
157
What is the remainder when 21633 is divided by 451?
436
Calculate the remainder when 38502 is divided by 31.
0
What is the remainder when 93009 is divided by 262?
261
What is the remainder when 210698 is divided by 553?
5
What is the remainder when 106935 is divided by 264?
15
Calculate the remainder when 7736 is divided by 3798.
140
Calculate the remainder when 147566 is divided by 16.
14
What is the remainder when 2091 is divided by 54?
39
What is the remainder when 362591 is divided by 2037?
5
Calculate the remainder when 3703 is divided by 598.
115
Calculate the remainder when 3946 is divided by 90.
76
What is the remainder when 66252 is divided by 1227?
1221
Calculate the remainder when 1061 is divided by 978.
83
What is the remainder when 4189 is divided by 162?
139
Calculate the remainder when 108677 is divided by 36217.
26
What is the remainder when 4535 is divided by 12?
11
What is the remainder when 89524 is divided by 29841?
1
Calculate the remainder when 2405 is divided by 653.
446
What is the remainder when 2131 is divided by 259?
59
Calculate the remainder when 1985 is divided by 16.
1
What is the remainder when 55175 is divided by 228?
227
What is the remainder when 42764 is divided by 141?
41
Calculate the remainder when 27301 is divided by 783.
679
What is the remainder when 48162 is divided by 47?
34
What is the remainder when 1426 is divided by 605?
216
What is the remainder when 55891 is divided by 34?
29
Calculate the remainder when 2589677 is divided by 62.
61
What is the remainder when 1073 is divided by 535?
3
Calculate the remainder when 861803 is divided by 36.
35
What is the remainder when 10444 is divided by 3469?
37
What is the remainder when 10890 is divided by 1552?
26
Calculate the remainder when 931 is divided by 217.
63
What is the remainder when 957 is divided by 61?
42
Calculate the remainder when 33390 is divided by 8.
6
What is the remainder when 827028 is divided by 28?
20
Calculate the remainder when 958 is divided by 255.
193
Calculate the remainder when 532 is divided by 170.
22
What is the remainder when 576 is divided by 110?
26
Calculate the remainder when 2641 is divided by 441.
436
What is the remainder when 10412 is divided by 289?
8
What is the remainder when 2576 is divided by 440?
376
What is the remainder when 133114 is divided by 135?
4
Calculate the remainder when 928280 is divided by 123.
122
What is the remainder when 23793 is divided by 7931?
0
Calculate the remainder when 5405 is divided by 1782.
59
What is the remainder when 897 is divided by 437?
23
What is the remainder when 427862 is divided by 127?
126
Calculate the remainder when 37890 is divided by 199.
80
What is the remainder when 24207 is divided by 10?
7
Calculate the remainder when 60967 is divided by 148.
139
Calculate the remainder when 121 is divided by 65.
56
Calculate the remainder when 75012 is divided by 2774.
114
Calculate the remainder when 10130 is divided by 596.
594
Calculate the remainder when 43001 is divided by 157.
140
What is the remainder when 7795 is divided by 1019?
662
Calculate the remainder when 345250 is divided by 172621.
8
Calculate the remainder when 667 is divided by 218.
13
Calculate the remainder when 226799 is divided by 111.
26
What is the remainder when 19493 is divided by 52?
45
What is the remainder when 960 is divided by 128?
64
What is the remainder when 21340 is divided by 5323?
48
What is the remainder when 51355 is divided by 17114?
13
What is the remainder when 81835 is divided by 667?
461
Calculate the remainder when 986622 is divided by 334.
320
What is the remainder when 23976 is divided by 661?
180
What is the remainder when 85551 is divided by 6109?
25
What is the remainder when 79703 is divided by 116?
11
Calculate the remainder when 254230 is divided by 31.
30
What is the remainder when 101692 is divided by 32?
28
What is the remainder when 109557 is divided by 10?
7
What is the remainder when 4466 is divided by 97?
4
What is the remainder when 344 is divided by 276?
68
What is the remainder when 456322 is divided by 12?
10
Calculate the remainder when 4859564 is divided by 336.
332
What is the remainder when 5773 is divided by 73?
6
What is the remainder when 4824 is divided by 1197?
36
Calculate the remainder when 135340 is divided by 94.
74
Calculate the remainder when 12865 is divided by 192.
1
What is the remainder when 6709 is divided by 2216?
61
Calculate the remainder when 4562 is divided by 55.
52
Calculate the remainder when 3833 is divided by 1155.
368
What is the remainder when 151648 is divided by 132?
112
What is the remainder when 4917 is divided by 640?
437
Calculate the remainder when 213757 is divided by 53434.
21
Calculate the remainder when 138367 is divided by 505.
502
What is the remainder w